{"id":18,"date":"2024-09-30T17:32:13","date_gmt":"2024-09-30T15:32:13","guid":{"rendered":"http:\/\/hutaszkla-eva.pl\/?page_id=18"},"modified":"2024-09-30T17:32:13","modified_gmt":"2024-09-30T15:32:13","slug":"kontakt","status":"publish","type":"page","link":"http:\/\/hutaszkla-eva.pl\/?page_id=18","title":{"rendered":"Kontakt"},"content":{"rendered":"\n<p>Huta Szk\u0142a \u201eEva\u201d<br>64-410 Sierak\u00f3w<br>ul. Dworcowa 22\/1<\/p>\n\n\n\n<p>W\u0142a\u015bciciel firmy:<br>Jaros\u0142aw Majchrzak<br>tel. kom. 501485806<br>jaroslaw@hutaszkla-eva.pl<\/p>\n\n\n\n<p>Dyrektor ds. handlu:<br>Ewa Majchrzak<br>tel. kom. 501485819<br>ewa@hutaszkla-eva.pl<\/p>\n\n\n\n<p><\/p>\n","protected":false},"excerpt":{"rendered":"<p>Huta Szk\u0142a \u201eEva\u201d64-410 Sierak\u00f3wul. Dworcowa 22\/1 W\u0142a\u015bciciel firmy:Jaros\u0142aw Majchrzaktel. kom. 501485806jaroslaw@hutaszkla-eva.pl Dyrektor ds. handlu:Ewa Majchrzaktel. kom. 501485819ewa@hutaszkla-eva.pl<\/p>\n","protected":false},"author":1,"featured_media":0,"parent":0,"menu_order":0,"comment_status":"closed","ping_status":"closed","template":"","meta":{"footnotes":""},"class_list":["post-18","page","type-page","status-publish","hentry"],"_links":{"self":[{"href":"http:\/\/hutaszkla-eva.pl\/index.php?rest_route=\/wp\/v2\/pages\/18","targetHints":{"allow":["GET"]}}],"collection":[{"href":"http:\/\/hutaszkla-eva.pl\/index.php?rest_route=\/wp\/v2\/pages"}],"about":[{"href":"http:\/\/hutaszkla-eva.pl\/index.php?rest_route=\/wp\/v2\/types\/page"}],"author":[{"embeddable":true,"href":"http:\/\/hutaszkla-eva.pl\/index.php?rest_route=\/wp\/v2\/users\/1"}],"replies":[{"embeddable":true,"href":"http:\/\/hutaszkla-eva.pl\/index.php?rest_route=%2Fwp%2Fv2%2Fcomments&post=18"}],"version-history":[{"count":1,"href":"http:\/\/hutaszkla-eva.pl\/index.php?rest_route=\/wp\/v2\/pages\/18\/revisions"}],"predecessor-version":[{"id":19,"href":"http:\/\/hutaszkla-eva.pl\/index.php?rest_route=\/wp\/v2\/pages\/18\/revisions\/19"}],"wp:attachment":[{"href":"http:\/\/hutaszkla-eva.pl\/index.php?rest_route=%2Fwp%2Fv2%2Fmedia&parent=18"}],"curies":[{"name":"wp","href":"https:\/\/api.w.org\/{rel}","templated":true}]}}